0. Calculate the remainder when f is divided by c.
4
Let t(g) = -g**2 + 21. Calculate the remainder when 59 is divided by t(0).
17
Suppose -6*t + 18 = -4*t. What is the remainder when t is divided by 4?
1
Let k = -7 + 16. Suppose 2*r = 4*r - 12. Suppose 0 = 4*u - 7*u + r, 4*a = -3*u + 106. What is the remainder when a is divided by k?
7
Suppose s - 77 = -0*s. Let d = -100 + 126. Calculate the remainder when s is divided by d.
25
Suppose -2*b + 99 = 5*q, -2*b + 5*b = -9. What is the remainder when 83 is divided by q?
20
Suppose 144 = 3*b + 57. Calculate the remainder when b is divided by 18.
11
Let l(s) = -s + 13. Let j be 0 + 0/(-1) + 2. Suppose -j*c - 10 = 2*b, -c - 3*b - 25 = 2*b. Calculate the remainder when l(c) is divided by 5.
3
Let o(c) = -c**2 + c + 19. Calculate the remainder when 17 is divided by o(4).
3
What is the remainder when 11/(-1)*(1 - 2) is divided by 3?
2
Let a = 10 - 11. Let m(y) = -33*y**3 - 2*y**2 - y. Calculate the remainder when m(a) is divided by ((-4)/(-2))/(6/51).
15
Suppose 40 = -13*r + 5*r. Suppose 0 = -2*s - 6 - 6. Let d = r - s. What is the remainder when 1 is divided by d?
0
What is the remainder when ((-20)/(-6) - 3)*54 is divided by 10?
8
Let l(k) = -k**2 + 7*k + 1. What is the remainder when 26 is divided by l(6)?
5
Calculate the remainder when (-2 + 4)*(177/6 - 0) is divided by 15.
14
Suppose -5*r - 164 = -r. Let g = -24 - r. What is the remainder when g is divided by 6?
5
Suppose 0*x - 3*x = -33. Suppose -7*d - 32 = -x*d. Calculate the remainder when 22 is divided by d.
6
Calculate the remainder when 4 is divided by (9*(-5)/(-45))/(1/2).
0
Suppose -4*z - z = 0. Suppose 2*b - 2*c - 40 = 0, z = c + 4*c + 15. Suppose 0 = 4*t - 3*t - 6. What is the remainder when b is divided by t?
5
Suppose c = 2*a - 0*a + 18, 2*c = 2*a + 32. Suppose 3*k + 0*k = 24. What is the remainder when c is divided by k?
6
Let v = -263 + 308. Calculate the remainder when v is divided by (-94)/(-4) + 1/2.
21
Let q(u) = -u**2 - 7*u + 8. What is the remainder when 78 is divided by q(-4)?
18
Let p be 2/4*(0 + 132). Let c = p - 40. Calculate the remainder when c is divided by 9.
8
Let f = 0 - -13. Calculate the remainder when f is divided by 8.
5
Let y(u) = u**3 + 3*u**2 + 3*u - 5. Calculate the remainder when 82 is divided by y(2).
19
Let c(m) = -m + 75. What is the remainder when c(0) is divided by 26?
23
Let t(s) = s**3 + 4*s**2 + 1. Let u = -2 + 6. Calculate the remainder when t(-3) is divided by u.
2
Let y be 4/(-8)*(4 - 4). Suppose -2*t - 8 = 0, -3*w = -4*t - y*t - 76. What is the remainder when 39 is divided by w?
19
Let h = 75 - 24. What is the remainder when h is divided by 21?
9
Let z be ((-18)/(-15))/(4/(-20)). What is the remainder when 7 is divided by z/(-3) + 1 + -1?
1
What is the remainder when (-10)/50 - (-41)/5 is divided by 5?
3
Suppose 5*a = 5*v + 50, -v = -4*a + 2*a + 16. What is the remainder when 4 is divided by a/2*(-2)/(-3)?
0
Let a = 39 - 22. Let o = 6 - 9. Calculate the remainder when a is divided by (-7)/(-21) + (-17)/o.
5
Suppose 3*p + 8 = 5*p. What is the remainder when 11 is divided by p?
3
Suppose 0 = 4*r - 7*r + 9. Suppose -3*l - 5*p = -132, r*l + 27 = 4*l - 4*p. Calculate the remainder when l is divided by 20.
19
Suppose -8 = -p - 3. Let w = 52 + p. What is the remainder when w is divided by 20?
17
Let g be 9 - 4/(-2)*-2. Suppose -g*s + 5*b = b - 223, 2*s + 4*b = 78. Calculate the remainder when s is divided by 15.
13
Let n = 0 + 4. Let r be 6 - (-2 + n - 4). Let v = r + 16. What is the remainder when v is divided by 13?
11
Suppose 3*v = -0*v + 12. Calculate the remainder when 10 is divided by v.
2
Suppose -w - 5 = -25. Suppose -i - i = -w. What is the remainder when (12/(-10))/(3/(-45)) is divided by i?
8
Let k(l) = -15*l - 5. Calculate the remainder when k(-2) is divided by 7.
4
Suppose 0 = -3*v + 31 - 1. Let h(t) = -t**3 + 11*t**2 - 10*t + 5. Let r = -12 + 20. Calculate the remainder when r is divided by h(v).
3
Let t(p) = -2*p - 1. Let w(s) = 3*s + 3. Let j(a) = -5*t(a) - 2*w(a). Calculate the remainder when j(2) is divided by 4.
3
Let a be 1 - 2 - 9/(-3). Let f(s) = 1 + 0 - 29*s - a. Calculate the remainder when f(-1) is divided by 15.
13
Suppose 3*y = 2*y + 21. Let j = y - -1. Calculate the remainder when 85 is divided by j.
19
Let z = -13 + 22. What is the remainder when 44 is divided by z?
8
Suppose 176 = 4*c + 4*k, -5*c + 30 = 3*k - 184. What is the remainder when c is divided by 11?
8
Suppose 0 = -f - i + 4*i + 9, 5*i = -4*f + 2. Suppose 4*d - 7*c - 112 = -f*c, -130 = -4*d - 2*c. Calculate the remainder when d is divided by 16.
15
Suppose 0 = 2*c, -5*c + 110 = 5*a - 155. Suppose 0 = -4*k + a - 17. Calculate the remainder when k is divided by 6.
3
Let s(p) = -p**2 - 16*p + 6. What is the remainder when 11*(1 - 0)/1 is divided by s(-16)?
5
Let d(w) = -w**3 + 3*w**2 - 2*w - 2. Let o be d(2). What is the remainder when ((-22)/4)/(o/4) is divided by 6?
5
Suppose -5 = -5*c, -5*a - 4*c = -0*c - 59. Let r = 22 - -21. What is the remainder when r is divided by a?
10
Let y(a) = -2*a - 13. Let q be y(-9). Suppose -1 + 56 = q*k. Let d(s) = 6*s**2 + s + 1. What is the remainder when k is divided by d(-1)?
5
Let u = 33 - 19. Let p = 9 + u. What is the remainder when 45 is divided by p?
22
Suppose 0*j - 1 = -j. Suppose -3*h + 22 = 3*z - 4*z, -2*z = 3*h - 10. Calculate the remainder when 0 + 0 + 10/j is divided by h.
4
Let h(k) = k**3 - 1. Let c(y) = -4*y**3 - 4*y**2 - 3*y + 2. Let r(q) = c(q) + 5*h(q). Calculate the remainder when 12 is divided by r(5).
5
Let g = -16 - -26. Let w be (g/(-6) + 2)*57. Suppose -6 = h - w. Calculate the remainder when 37 is divided by h.
11
Let d(o) = -o**3 + 3*o**2 - 3*o + 3. Let u be d(2). Suppose -j - u = -10. Calculate the remainder when j is divided by 5.
4
Suppose 0 = 4*d - 61 - 11. Let p = 45 - d. Calculate the remainder when p is divided by 7.
6
Suppose 3*d + 9 = 3*t - 42, 3*d + 27 = t. Suppose -38*k + 19*k = -646. What is the remainder when k is divided by t?
10
Let c(a) be the first derivative of -3*a**4 - a**3/3 - a**2/2 - a + 4. Suppose -4*k - 7 = -3. Calculate the remainder when 32 is divided by c(k).
10
Let d = -195 - -197. Calculate the remainder when 1/(-1) - 4/(-1) is divided by d.
1
Let w = -70 + 122. Calculate the remainder when w is divided by 11.
8
Let t = -23 - -11. What is the remainder when 61 is divided by (-8)/((-3)/t*-2)?
13
Let i(u) = -u**3 - 4*u**2 + 7*u - 2. Calculate the remainder when i(-6) is divided by 8.
4
What is the remainder when 134 is divided by 2/4 + 728/16?
42
Let a(c) = c**2 - 12*c + 31. Let y = 3 - 0. What is the remainder when a(9) is divided by y?
1
Suppose -4*c = c - 20. Suppose -s = -c*s + 33. Calculate the remainder when s is divided by 4.
3
Suppose -p - j = -6*j - 46, -3*p = 3*j - 120. Suppose 3*k - p = 5*y, 1 + 2 = -3*y. Let i(a) = 34*a. What is the remainder when i(1) is divided by k?
10
Let v(u) = -u + 4. Let z be v(2). Let g be (-1)/(-1) - 1/(-1). Suppose -g + 12 = z*h. What is the remainder when 14 is divided by h?
4
Suppose -17 = 4*y - 45. What is the remainder when y is divided by 3?
1
Suppose -5*v + 5*q = -25, 6 = -4*v - q + 31. Let b = v + -1. Suppose 4 = -2*x + 4*x. Calculate the remainder when b is divided by x.
1
Suppose 0*i - 5*i = 60. Let y(k) = k**2 + 12*k + 6. What is the remainder when 9 is divided by y(i)?
3
Let g = 74 + -27. What is the remainder when g is divided by 10?
7
What is the remainder when 32/48 - (-32)/6 is divided by 3?
0
Let j(q) = q + 4. Let h be j(-4). Suppose h*x - 16 = -2*x. Suppose -5*b - 2 = -3*v + 8, 4*b = -2*v + 14. Calculate the remainder when x is divided by v.
3
Suppose 8*m = 5*m + 63. Let x be (9/(-12))/((-2)/8). Suppose -x*j + 183 = -0*j. Calculate the remainder when j is divided by m.
19
Let f = 134 - 114. Calculate the remainder when 22 is divided by f.
2
Let i(p) = 11*p - 5. Let y = -5 + 12. Let j be i(y). Let z = j + -49. What is the remainder when z is divided by 12?
11
Suppose 0 = -5*y + 2*y + 6. Suppose -y*c = -3*c + 18. Suppose 4*k - 20 - 116 = 0. Calculate the remainder when k is divided by c.
16
Suppose -3*q + 2*w + w = -21, 0 = -4*q + 5*w + 26. Suppose -q*p + 90 = -4*p. What is the remainder when 52 is divided by p?
16
Suppose -b + 0*l + 4*l + 87 = 0, -5*b - 4*l + 315 = 0. W